{"id":784,"date":"2018-08-30T12:12:22","date_gmt":"2018-08-30T15:12:22","guid":{"rendered":"https:\/\/esbasantiago-cba.infd.edu.ar\/sitio\/historia\/"},"modified":"2024-06-11T22:43:58","modified_gmt":"2024-06-12T01:43:58","slug":"historia","status":"publish","type":"page","link":"https:\/\/esbasantiago-cba.infd.edu.ar\/sitio\/historia\/","title":{"rendered":"Historia"},"content":{"rendered":"<p><span style=\"font-size: x-large; color: #0000ff; font-family: book antiqua,palatino;\"><span style=\"font-weight: bold;\"><span style=\"color: #ff6600;\"><span style=\"font-family: 'times new roman', times;\">Algunos datos sobre la historia de la escuela<\/span><\/span><\/span><\/span><\/p>\n<p><span style=\"font-size: small; font-family: verdana,geneva;\"><span style=\"color: #ff6600;\"><strong>1986<\/strong><\/span>. Fue creada la instituci\u00f3n como <strong>Escuela Provincial de Bellas Artes<\/strong>. Luego recibi\u00f3 el nombre \u00ab<strong>Mart\u00edn Santiago<\/strong>\u00ab, en honor al pintor m\u00e1s importante de la zona, que fue seguidor de Fernando Fader y que muri\u00f3 en 1989. La carrera que brindaba era Magisterio de Artes Pl\u00e1sticas, de nivel medio.<\/span><\/p>\n<p><span style=\"font-size: small; font-family: verdana,geneva;\"><strong><span style=\"color: #ff6600;\">1996<\/span><\/strong>. Se organiz\u00f3 el <strong>Encuentro de Escultura en Madera<\/strong>, que luego se convertir\u00eda en el <strong>Encuentro Nacional de Escultores<\/strong> y de donde surgir\u00eda en 1997 el <strong>Encuentro Nacional de Pintores<\/strong>. Ambos se continuaron realizando posteriormente, con algunos cambios en la denominaci\u00f3n. Comienza el proyecto <strong>Colores Urbanos<\/strong>.<\/span><\/p>\n<p><span style=\"font-size: small; font-family: verdana,geneva;\"><strong><span style=\"color: #ff6600;\">2002<\/span><\/strong>. La escuela pas\u00f3 del nivel medio al <strong>nivel superior<\/strong> (no universitario). Eso signific\u00f3 el final del viejo Magisterio y el nacimiento de dos carreras nuevas: <strong>Profesorado de Arte en Artes Visuales<\/strong> y <strong>Tecnicatura Superior en Artes Visuales<\/strong>.<\/span><\/p>\n<p><span style=\"font-size: small; font-family: verdana,geneva;\"><strong><span style=\"color: #ff6600;\">2004<\/span><\/strong>. En agosto la escuela se mud\u00f3 desde la ex f\u00e1brica de sillas (Lavalle 333) a la ubicaci\u00f3n actual (Santa Fe 141).<\/span><\/p>\n<p><span style=\"font-size: small; font-family: verdana,geneva;\"><strong><span style=\"color: #ff6600;\">2008<\/span><\/strong>. Se cre\u00f3 este sitio web. Comenz\u00f3 el <strong>PMI<\/strong> (Proyecto de Mejora Institucional), del INFoD.<\/span><\/p>\n<p><span style=\"font-size: small; font-family: verdana,geneva;\"><strong><span style=\"color: #ff6600;\">2009<\/span><\/strong>. Comenz\u00f3 el proyecto <strong>Cinemart\u00edn<\/strong>. Se inaugur\u00f3 la <strong>Sala de Exposiciones Natalia Zabala<\/strong>. Se cre\u00f3 el <strong>blog<\/strong> en Blogger, que estar\u00eda activo unos cinco a\u00f1os, con registro de actividades art\u00edsticas y culturales de la escuela y otras partes.<\/span><\/p>\n<p><span style=\"font-size: small; font-family: verdana,geneva;\"><span style=\"color: #ff6600;\"><strong>2010<\/strong><\/span>. Comenz\u00f3 <\/span><span style=\"font-family: verdana, geneva; font-size: small;\">el nuevo <strong>Profesorado de Artes Visuales<\/strong> (que tendr\u00eda una actualizaci\u00f3n leve en 2014), en sustituci\u00f3n del Profesorado de Arte en Artes Visuales. Se cre\u00f3 la p\u00e1gina de Facebook de la escuela.<\/span><\/p>\n<p><span style=\"font-family: verdana, geneva; font-size: small;\"><strong><span style=\"color: #ff6600;\">2011<\/span><\/strong>. Lleg\u00f3 la primera tanda de netbooks de <strong>Conectar-Igualdad<\/strong>, programa nacional que continuar\u00eda durante varios a\u00f1os.<\/span><\/p>\n<p><span style=\"font-family: verdana, geneva; font-size: small;\"><strong><span style=\"color: #ff6600;\">2014<\/span><\/strong>. El anterior Encuentro de Pintores y Escultores se convirti\u00f3 en <strong>Encuentro de Artes Visuales<\/strong>. En a\u00f1os siguientes cambiar\u00eda de nombre.<\/span><\/p>\n<p><span style=\"font-family: verdana, geneva; font-size: small;\"><span style=\"color: #ff6600;\"><strong>2015<\/strong><\/span>. Se hizo un viaje colectivo a Buenos Aires. Se termin\u00f3 el proyecto <strong>King Kong. Veinte muestras de artes visuales en De\u00e1n Funes &#8211; 2010-2012<\/strong>.\u00a0<\/span><\/p>\n<p><span style=\"font-family: verdana, geneva; font-size: small;\"><span style=\"color: #ff6600;\"><strong>2023<\/strong><\/span>. Comenz\u00f3 la nueva <strong>Tecnicatura Superior en Artes Visuales<\/strong>.\u00a0<\/span><\/p>\n","protected":false},"excerpt":{"rendered":"<p>Algunos datos sobre la historia de la escuela 1986. Fue creada la instituci\u00f3n como Escuela Provincial de Bellas Artes. Luego recibi\u00f3 el nombre \u00abMart\u00edn Santiago\u00ab, en honor al pintor m\u00e1s importante de la zona, que fue seguidor de Fernando Fader y que muri\u00f3 en 1989. La carrera que brindaba era Magisterio de Artes Pl\u00e1sticas, de &#8230; <a title=\"Historia\" class=\"read-more\" href=\"https:\/\/esbasantiago-cba.infd.edu.ar\/sitio\/historia\/\" aria-label=\"More on Historia\">[+]<\/a><\/p>\n","protected":false},"author":10,"featured_media":0,"parent":0,"menu_order":0,"comment_status":"closed","ping_status":"closed","template":"","meta":[],"acf":[],"_links":{"self":[{"href":"https:\/\/esbasantiago-cba.infd.edu.ar\/sitio\/wp-json\/wp\/v2\/pages\/784"}],"collection":[{"href":"https:\/\/esbasantiago-cba.infd.edu.ar\/sitio\/wp-json\/wp\/v2\/pages"}],"about":[{"href":"https:\/\/esbasantiago-cba.infd.edu.ar\/sitio\/wp-json\/wp\/v2\/types\/page"}],"author":[{"embeddable":true,"href":"https:\/\/esbasantiago-cba.infd.edu.ar\/sitio\/wp-json\/wp\/v2\/users\/10"}],"replies":[{"embeddable":true,"href":"https:\/\/esbasantiago-cba.infd.edu.ar\/sitio\/wp-json\/wp\/v2\/comments?post=784"}],"version-history":[{"count":2,"href":"https:\/\/esbasantiago-cba.infd.edu.ar\/sitio\/wp-json\/wp\/v2\/pages\/784\/revisions"}],"predecessor-version":[{"id":869,"href":"https:\/\/esbasantiago-cba.infd.edu.ar\/sitio\/wp-json\/wp\/v2\/pages\/784\/revisions\/869"}],"wp:attachment":[{"href":"https:\/\/esbasantiago-cba.infd.edu.ar\/sitio\/wp-json\/wp\/v2\/media?parent=784"}],"curies":[{"name":"wp","href":"https:\/\/api.w.org\/{rel}","templated":true}]}}